{"id":8055,"date":"2024-10-11T08:10:54","date_gmt":"2024-10-11T08:10:54","guid":{"rendered":"https:\/\/musing-poincare.5-9-123-216.plesk.page\/?post_type=product&#038;p=8055"},"modified":"2025-01-24T08:23:33","modified_gmt":"2025-01-24T08:23:33","slug":"kit-psicomotori","status":"publish","type":"product","link":"https:\/\/www.sudarredi.com\/sezione\/prodotto\/kit-psicomotori\/","title":{"rendered":"KIT PSICOMOTORI"},"content":{"rendered":"<p>Kit psicomotori per stimolare la coordinazione e per giochi in movimento, composti da aste ginniche, cerchi piatti,<br \/>\nblocchi percorso e assi di equilibrio. Tutti i kit sono adatti a gruppi di varie et\u00e0 e permettono di realizzare<br \/>\n<a href=\"https:\/\/www.sudarredi.com\/wp-content\/uploads\/2024\/06\/B012S39F8Y_0000.jpg\" data-width=\"2400\" data-height=\"2400\" data-index=\"1\" data-elementor-open-lightbox=\"no\"><br \/>\n<img decoding=\"async\" src=\"https:\/\/www.sudarredi.com\/wp-content\/uploads\/2024\/06\/B012S39F8Y_0000-800x800.jpg\" alt=\"B012S39F8Y_0000\" \/><br \/>\n<\/a><br \/>\n<a href=\"https:\/\/www.sudarredi.com\/wp-content\/uploads\/2024\/06\/B012S39F8Y_0001-1-scaled.jpg\" data-width=\"2560\" data-height=\"2560\" data-index=\"2\" data-elementor-open-lightbox=\"no\"><br \/>\n<img decoding=\"async\" src=\"https:\/\/www.sudarredi.com\/wp-content\/uploads\/2024\/06\/B012S39F8Y_0001-1-800x800.jpg\" alt=\"B012S39F8Y_0001\" \/><br \/>\n<\/a><br \/>\n<a href=\"https:\/\/www.sudarredi.com\/wp-content\/uploads\/2024\/06\/8016780001054_0000.jpg\" data-width=\"2400\" data-height=\"2400\" data-index=\"3\" data-elementor-open-lightbox=\"no\"><br \/>\n<img decoding=\"async\" src=\"https:\/\/www.sudarredi.com\/wp-content\/uploads\/2024\/06\/8016780001054_0000-800x800.jpg\" alt=\"8016780001054_0000\" \/><br \/>\n<\/a><br \/>\n<a href=\"https:\/\/www.sudarredi.com\/wp-content\/uploads\/2024\/06\/8016780001054_0001.jpg\" data-width=\"2400\" data-height=\"2400\" data-index=\"4\" data-elementor-open-lightbox=\"no\"><br \/>\n<img decoding=\"async\" src=\"https:\/\/www.sudarredi.com\/wp-content\/uploads\/2024\/06\/8016780001054_0001-800x800.jpg\" alt=\"8016780001054_0001\" \/><br \/>\n<\/a><br \/>\n<a href=\"https:\/\/www.sudarredi.com\/wp-content\/uploads\/2024\/06\/8016780001047_0000.jpg\" data-width=\"2400\" data-height=\"2400\" data-index=\"5\" data-elementor-open-lightbox=\"no\"><br \/>\n<img decoding=\"async\" src=\"https:\/\/www.sudarredi.com\/wp-content\/uploads\/2024\/06\/8016780001047_0000-800x800.jpg\" alt=\"8016780001047_0000\" \/><br \/>\n<\/a><br \/>\n<a href=\"https:\/\/www.sudarredi.com\/wp-content\/uploads\/2024\/06\/8016780001047_0001-1.jpg\" data-width=\"2400\" data-height=\"2400\" data-index=\"6\" data-elementor-open-lightbox=\"no\"><br \/>\n<img decoding=\"async\" src=\"https:\/\/www.sudarredi.com\/wp-content\/uploads\/2024\/06\/8016780001047_0001-1-800x800.jpg\" alt=\"8016780001047_0001\" \/><br \/>\n<\/a><br \/>\n<a href=\"https:\/\/www.sudarredi.com\/wp-content\/uploads\/2024\/06\/B012S39B7Y_0000.jpg\" data-width=\"2230\" data-height=\"2230\" data-index=\"7\" data-elementor-open-lightbox=\"no\"><br \/>\n<img decoding=\"async\" src=\"https:\/\/www.sudarredi.com\/wp-content\/uploads\/2024\/06\/B012S39B7Y_0000-800x800.jpg\" alt=\"B012S39B7Y_0000\" \/><br \/>\n<\/a><br \/>\n<a href=\"https:\/\/www.sudarredi.com\/wp-content\/uploads\/2024\/06\/B012S39B7Y_0002.jpg\" data-width=\"2400\" data-height=\"2400\" data-index=\"8\" data-elementor-open-lightbox=\"no\"><br \/>\n<img decoding=\"async\" src=\"https:\/\/www.sudarredi.com\/wp-content\/uploads\/2024\/06\/B012S39B7Y_0002-800x800.jpg\" alt=\"B012S39B7Y_0002\" \/><br \/>\n<\/a><br \/>\n<a href=\"https:\/\/www.sudarredi.com\/wp-content\/uploads\/2024\/06\/8016780001023_0000.jpg\" data-width=\"2400\" data-height=\"2400\" data-index=\"9\" data-elementor-open-lightbox=\"no\"><br \/>\n<img decoding=\"async\" src=\"https:\/\/www.sudarredi.com\/wp-content\/uploads\/2024\/06\/8016780001023_0000-800x800.jpg\" alt=\"8016780001023_0000\" \/><br \/>\n<\/a><br \/>\n<a href=\"https:\/\/www.sudarredi.com\/wp-content\/uploads\/2024\/06\/8016780001023_0001-2.jpg\" data-width=\"2400\" data-height=\"2400\" data-index=\"10\" data-elementor-open-lightbox=\"no\"><br \/>\n<img decoding=\"async\" src=\"https:\/\/www.sudarredi.com\/wp-content\/uploads\/2024\/06\/8016780001023_0001-2-800x800.jpg\" alt=\"8016780001023_0001\" \/><br \/>\n<\/a><\/p>\n","protected":false},"excerpt":{"rendered":"<p>Kit psicomotori per stimolare la coordinazione e per giochi in movimento, composti da aste ginniche, cerchi piatti, blocchi percorso e<\/p>\n","protected":false},"featured_media":8072,"comment_status":"open","ping_status":"closed","template":"","meta":[],"product_brand":[],"product_cat":[1252],"product_tag":[],"class_list":{"0":"post-8055","1":"product","2":"type-product","3":"status-publish","4":"has-post-thumbnail","6":"product_cat-attivita-motoria","8":"first","9":"outofstock","10":"shipping-taxable","11":"product-type-simple"},"yoast_head":"<!-- This site is optimized with the Yoast SEO Premium plugin v24.6 (Yoast SEO v25.3.1) - https:\/\/yoast.com\/wordpress\/plugins\/seo\/ -->\n<title>KIT PSICOMOTORI - Arredi per la scuola<\/title>\n<meta name=\"robots\" content=\"index, follow, max-snippet:-1, max-image-preview:large, max-video-preview:-1\" \/>\n<link rel=\"canonical\" href=\"https:\/\/www.sudarredi.com\/sezione\/prodotto\/kit-psicomotori\/\" \/>\n<meta property=\"og:locale\" content=\"it_IT\" \/>\n<meta property=\"og:type\" content=\"article\" \/>\n<meta property=\"og:title\" content=\"KIT PSICOMOTORI\" \/>\n<meta property=\"og:description\" content=\"Kit psicomotori per stimolare la coordinazione e per giochi in movimento, composti da aste ginniche, cerchi piatti, blocchi percorso e\" \/>\n<meta property=\"og:url\" content=\"https:\/\/www.sudarredi.com\/sezione\/prodotto\/kit-psicomotori\/\" \/>\n<meta property=\"og:site_name\" content=\"Arredi per la scuola\" \/>\n<meta property=\"og:image\" content=\"https:\/\/www.sudarredi.com\/sezione\/wp-content\/uploads\/2024\/10\/B012S39F8Y_0001-1024x1024.jpg\" \/>\n\t<meta property=\"og:image:width\" content=\"1024\" \/>\n\t<meta property=\"og:image:height\" content=\"1024\" \/>\n\t<meta property=\"og:image:type\" content=\"image\/jpeg\" \/>\n<meta name=\"twitter:card\" content=\"summary_large_image\" \/>\n<meta name=\"twitter:label1\" content=\"Prezzo\" \/>\n\t<meta name=\"twitter:data1\" content=\"\" \/>\n\t<meta name=\"twitter:label2\" content=\"Disponibilit\u00e0\" \/>\n\t<meta name=\"twitter:data2\" content=\"Esaurito\" \/>\n<meta property=\"product:price:currency\" content=\"EUR\" \/>\n<meta property=\"og:availability\" content=\"out of stock\" \/>\n<meta property=\"product:availability\" content=\"out of stock\" \/>\n<meta property=\"product:retailer_item_id\" content=\"24210\" \/>\n<meta property=\"product:condition\" content=\"new\" \/>\n<!-- \/ Yoast SEO Premium plugin. -->","yoast_head_json":{"title":"KIT PSICOMOTORI - Arredi per la scuola","robots":{"index":"index","follow":"follow","max-snippet":"max-snippet:-1","max-image-preview":"max-image-preview:large","max-video-preview":"max-video-preview:-1"},"canonical":"https:\/\/www.sudarredi.com\/sezione\/prodotto\/kit-psicomotori\/","og_locale":"it_IT","og_type":"article","og_title":"KIT PSICOMOTORI","og_description":"Kit psicomotori per stimolare la coordinazione e per giochi in movimento, composti da aste ginniche, cerchi piatti, blocchi percorso e","og_url":"https:\/\/www.sudarredi.com\/sezione\/prodotto\/kit-psicomotori\/","og_site_name":"Arredi per la scuola","og_image":[{"width":1024,"height":1024,"url":"https:\/\/www.sudarredi.com\/sezione\/wp-content\/uploads\/2024\/10\/B012S39F8Y_0001-1024x1024.jpg","type":"image\/jpeg"}],"twitter_card":"summary_large_image","twitter_misc":{"Prezzo":"","Disponibilit\u00e0":"Esaurito"},"schema":{"@context":"https:\/\/schema.org","@graph":[{"@type":"WebPage","@id":"https:\/\/www.sudarredi.com\/sezione\/prodotto\/kit-psicomotori\/","url":"https:\/\/www.sudarredi.com\/sezione\/prodotto\/kit-psicomotori\/","name":"KIT PSICOMOTORI - Arredi per la scuola","isPartOf":{"@id":"https:\/\/www.sudarredi.com\/sezione\/#website"},"primaryImageOfPage":{"@id":"https:\/\/www.sudarredi.com\/sezione\/prodotto\/kit-psicomotori\/#primaryimage"},"image":{"@id":"https:\/\/www.sudarredi.com\/sezione\/prodotto\/kit-psicomotori\/#primaryimage"},"thumbnailUrl":"https:\/\/www.sudarredi.com\/sezione\/wp-content\/uploads\/2024\/10\/B012S39F8Y_0001.jpg","datePublished":"2024-10-11T08:10:54+00:00","dateModified":"2025-01-24T08:23:33+00:00","breadcrumb":{"@id":"https:\/\/www.sudarredi.com\/sezione\/prodotto\/kit-psicomotori\/#breadcrumb"},"inLanguage":"it-IT","potentialAction":[{"@type":"ReadAction","target":["https:\/\/www.sudarredi.com\/sezione\/prodotto\/kit-psicomotori\/"]}]},{"@type":"ImageObject","inLanguage":"it-IT","@id":"https:\/\/www.sudarredi.com\/sezione\/prodotto\/kit-psicomotori\/#primaryimage","url":"https:\/\/www.sudarredi.com\/sezione\/wp-content\/uploads\/2024\/10\/B012S39F8Y_0001.jpg","contentUrl":"https:\/\/www.sudarredi.com\/sezione\/wp-content\/uploads\/2024\/10\/B012S39F8Y_0001.jpg","width":8033,"height":8033},{"@type":"BreadcrumbList","@id":"https:\/\/www.sudarredi.com\/sezione\/prodotto\/kit-psicomotori\/#breadcrumb","itemListElement":[{"@type":"ListItem","position":1,"name":"Home","item":"https:\/\/www.sudarredi.com\/sezione\/"},{"@type":"ListItem","position":2,"name":"Shop","item":"https:\/\/www.sudarredi.com\/sezione\/shop\/"},{"@type":"ListItem","position":3,"name":"KIT PSICOMOTORI"}]},{"@type":"WebSite","@id":"https:\/\/www.sudarredi.com\/sezione\/#website","url":"https:\/\/www.sudarredi.com\/sezione\/","name":"Sudarredi s.r.l","description":"Arredo scuola","publisher":{"@id":"https:\/\/www.sudarredi.com\/sezione\/#organization"},"alternateName":"Sud arredi","potentialAction":[{"@type":"SearchAction","target":{"@type":"EntryPoint","urlTemplate":"https:\/\/www.sudarredi.com\/sezione\/?s={search_term_string}"},"query-input":{"@type":"PropertyValueSpecification","valueRequired":true,"valueName":"search_term_string"}}],"inLanguage":"it-IT"},{"@type":["Organization","Place"],"@id":"https:\/\/www.sudarredi.com\/sezione\/#organization","name":"Sudarredi s.r.l","alternateName":"Sud arredi","url":"https:\/\/www.sudarredi.com\/sezione\/","logo":{"@id":"https:\/\/www.sudarredi.com\/sezione\/prodotto\/kit-psicomotori\/#local-main-organization-logo"},"image":{"@id":"https:\/\/www.sudarredi.com\/sezione\/prodotto\/kit-psicomotori\/#local-main-organization-logo"},"description":"La missione di Sudarredi Arredo Scuola \u00e8 quella di fornire soluzioni innovative, funzionali ed esteticamente gradevoli per l\u2019arredamento scolastico, contribuendo a creare ambienti di apprendimento che stimolino la creativit\u00e0, il benessere e la produttivit\u00e0 degli studenti e degli insegnanti. L'azienda \u00e8 impegnata a garantire la qualit\u00e0, la sicurezza e la sostenibilit\u00e0 dei suoi prodotti, rispondendo alle esigenze di scuole, istituti di formazione e enti pubblici in modo efficiente ed eco-sostenibile.","legalName":"Sudarredi s.r.l","numberOfEmployees":{"@type":"QuantitativeValue","minValue":"11","maxValue":"50"},"publishingPrinciples":"https:\/\/www.sudarredi.com\/sezione\/principi-editoriali-di-sudarredi-arredo-scuola\/","actionableFeedbackPolicy":"https:\/\/www.sudarredi.com\/sezione\/politica-di-feedback-attuabile\/","correctionsPolicy":"https:\/\/www.sudarredi.com\/sezione\/politica-sulle-correzioni\/","ethicsPolicy":"https:\/\/www.sudarredi.com\/sezione\/obiettivi-della-politica-sulletica\/","diversityPolicy":"https:\/\/www.sudarredi.com\/sezione\/obiettivi-della-politica-per-la-diversita\/","diversityStaffingReport":"https:\/\/www.sudarredi.com\/sezione\/rapporto-sulla-diversita-del-personale\/","telephone":[],"openingHoursSpecification":[{"@type":"OpeningHoursSpecification","dayOfWeek":["Monday","Tuesday","Wednesday","Thursday","Friday","Saturday","Sunday"],"opens":"09:00","closes":"17:00"}]},{"@type":"ImageObject","inLanguage":"it-IT","@id":"https:\/\/www.sudarredi.com\/sezione\/prodotto\/kit-psicomotori\/#local-main-organization-logo","url":"https:\/\/www.sudarredi.com\/sezione\/wp-content\/uploads\/2025\/08\/cropped-app128x128.png","contentUrl":"https:\/\/www.sudarredi.com\/sezione\/wp-content\/uploads\/2025\/08\/cropped-app128x128.png","width":512,"height":512,"caption":"Sudarredi s.r.l"}]},"product_price_currency":"EUR","og_availability":"out of stock","product_availability":"out of stock","product_retailer_item_id":"24210","product_condition":"new"},"_links":{"self":[{"href":"https:\/\/www.sudarredi.com\/sezione\/wp-json\/wp\/v2\/product\/8055","targetHints":{"allow":["GET"]}}],"collection":[{"href":"https:\/\/www.sudarredi.com\/sezione\/wp-json\/wp\/v2\/product"}],"about":[{"href":"https:\/\/www.sudarredi.com\/sezione\/wp-json\/wp\/v2\/types\/product"}],"replies":[{"embeddable":true,"href":"https:\/\/www.sudarredi.com\/sezione\/wp-json\/wp\/v2\/comments?post=8055"}],"version-history":[{"count":1,"href":"https:\/\/www.sudarredi.com\/sezione\/wp-json\/wp\/v2\/product\/8055\/revisions"}],"predecessor-version":[{"id":8073,"href":"https:\/\/www.sudarredi.com\/sezione\/wp-json\/wp\/v2\/product\/8055\/revisions\/8073"}],"wp:featuredmedia":[{"embeddable":true,"href":"https:\/\/www.sudarredi.com\/sezione\/wp-json\/wp\/v2\/media\/8072"}],"wp:attachment":[{"href":"https:\/\/www.sudarredi.com\/sezione\/wp-json\/wp\/v2\/media?parent=8055"}],"wp:term":[{"taxonomy":"product_brand","embeddable":true,"href":"https:\/\/www.sudarredi.com\/sezione\/wp-json\/wp\/v2\/product_brand?post=8055"},{"taxonomy":"product_cat","embeddable":true,"href":"https:\/\/www.sudarredi.com\/sezione\/wp-json\/wp\/v2\/product_cat?post=8055"},{"taxonomy":"product_tag","embeddable":true,"href":"https:\/\/www.sudarredi.com\/sezione\/wp-json\/wp\/v2\/product_tag?post=8055"}],"curies":[{"name":"wp","href":"https:\/\/api.w.org\/{rel}","templated":true}]}}