{"id":48399,"date":"2024-10-25T08:00:45","date_gmt":"2024-10-25T08:00:45","guid":{"rendered":"https:\/\/musing-poincare.5-9-123-216.plesk.page\/prodotto\/friggitrice-profi-line-digitale-con-rubinetti-di-scarico-2-x-8-l\/"},"modified":"2024-10-25T08:00:49","modified_gmt":"2024-10-25T08:00:49","slug":"friggitrice-profi-line-digitale-con-rubinetti-di-scarico-2-x-8-l","status":"publish","type":"product","link":"https:\/\/www.sudarredi.com\/sezione\/prodotto\/friggitrice-profi-line-digitale-con-rubinetti-di-scarico-2-x-8-l\/","title":{"rendered":"Friggitrice Profi Line digitale con rubinetti di scarico &#8211; 2 x 8 l"},"content":{"rendered":"<p>La gamma Profi Line di friggitrici da tavolo \u00e8 realizzata in acciaio inossidabile 18\/0.<br \/>\nElemento con funzione di spegnimento quando rimosso.<br \/>\nIl serbatoio dell\u2019olio con fondo a V garantisce una zona fredda ottimale, aumenta la vita utile dell\u2019olio.<br \/>\nPannello di controllo digitale chiaro con funzione di temperatura e timer.<br \/>\nProtetto contro il surriscaldamento mediante un fusibile termico ri-impostabile.<br \/>\nUn cestello per fritture con manico extra lungo trasforma questo modello in un equipaggiamento per un uso intensivo.<br \/>\nTutte le friggitrici sono dotate di cestello per friggere e coperchio \/ i.<\/p>\n","protected":false},"excerpt":{"rendered":"<p>Friggitrice Profi Line digitale con rubinetti di scarico &#8211; 2 x 8 l, HENDI, Profi Line, 16L, 230V\/7000W, 605x515x(H)345mm<\/p>\n","protected":false},"featured_media":48401,"comment_status":"closed","ping_status":"closed","template":"","meta":[],"product_brand":[],"product_cat":[3939,3964,4035],"product_tag":[5411],"class_list":{"0":"post-48399","1":"product","2":"type-product","3":"status-publish","4":"has-post-thumbnail","6":"product_cat-attrezzature","7":"product_cat-attrezzature-per-cucina","8":"product_cat-friggitrici-attrezzature-per-cucina","9":"product_tag-friggitrice-profi-line-digitale-con-rubinetti-di-scarico-2-x-8-l","11":"first","12":"instock","13":"product-type-simple"},"yoast_head":"<!-- This site is optimized with the Yoast SEO Premium plugin v24.6 (Yoast SEO v25.3.1) - https:\/\/yoast.com\/wordpress\/plugins\/seo\/ -->\n<title>Friggitrice Profi Line digitale con rubinetti di scarico - 2 x 8 l - Arredi per la scuola<\/title>\n<meta name=\"robots\" content=\"index, follow, max-snippet:-1, max-image-preview:large, max-video-preview:-1\" \/>\n<link rel=\"canonical\" href=\"https:\/\/www.sudarredi.com\/sezione\/prodotto\/friggitrice-profi-line-digitale-con-rubinetti-di-scarico-2-x-8-l\/\" \/>\n<meta property=\"og:locale\" content=\"it_IT\" \/>\n<meta property=\"og:type\" content=\"article\" \/>\n<meta property=\"og:title\" content=\"Friggitrice Profi Line digitale con rubinetti di scarico - 2 x 8 l\" \/>\n<meta property=\"og:description\" content=\"Friggitrice Profi Line digitale con rubinetti di scarico - 2 x 8 l, HENDI, Profi Line, 16L, 230V\/7000W, 605x515x(H)345mm\" \/>\n<meta property=\"og:url\" content=\"https:\/\/www.sudarredi.com\/sezione\/prodotto\/friggitrice-profi-line-digitale-con-rubinetti-di-scarico-2-x-8-l\/\" \/>\n<meta property=\"og:site_name\" content=\"Arredi per la scuola\" \/>\n<meta property=\"og:image\" content=\"https:\/\/www.sudarredi.com\/sezione\/wp-content\/uploads\/2024\/10\/207376_2021.jpg\" \/>\n\t<meta property=\"og:image:width\" content=\"1000\" \/>\n\t<meta property=\"og:image:height\" content=\"677\" \/>\n\t<meta property=\"og:image:type\" content=\"image\/jpeg\" \/>\n<meta name=\"twitter:card\" content=\"summary_large_image\" \/>\n<meta name=\"twitter:label1\" content=\"Prezzo\" \/>\n\t<meta name=\"twitter:data1\" content=\"\" \/>\n\t<meta name=\"twitter:label2\" content=\"Disponibilit\u00e0\" \/>\n\t<meta name=\"twitter:data2\" content=\"In stock\" \/>\n<meta property=\"product:price:currency\" content=\"EUR\" \/>\n<meta property=\"og:availability\" content=\"instock\" \/>\n<meta property=\"product:availability\" content=\"instock\" \/>\n<meta property=\"product:retailer_item_id\" content=\"71850efb2eb8\" \/>\n<meta property=\"product:condition\" content=\"new\" \/>\n<!-- \/ Yoast SEO Premium plugin. -->","yoast_head_json":{"title":"Friggitrice Profi Line digitale con rubinetti di scarico - 2 x 8 l - Arredi per la scuola","robots":{"index":"index","follow":"follow","max-snippet":"max-snippet:-1","max-image-preview":"max-image-preview:large","max-video-preview":"max-video-preview:-1"},"canonical":"https:\/\/www.sudarredi.com\/sezione\/prodotto\/friggitrice-profi-line-digitale-con-rubinetti-di-scarico-2-x-8-l\/","og_locale":"it_IT","og_type":"article","og_title":"Friggitrice Profi Line digitale con rubinetti di scarico - 2 x 8 l","og_description":"Friggitrice Profi Line digitale con rubinetti di scarico - 2 x 8 l, HENDI, Profi Line, 16L, 230V\/7000W, 605x515x(H)345mm","og_url":"https:\/\/www.sudarredi.com\/sezione\/prodotto\/friggitrice-profi-line-digitale-con-rubinetti-di-scarico-2-x-8-l\/","og_site_name":"Arredi per la scuola","og_image":[{"width":1000,"height":677,"url":"https:\/\/www.sudarredi.com\/sezione\/wp-content\/uploads\/2024\/10\/207376_2021.jpg","type":"image\/jpeg"}],"twitter_card":"summary_large_image","twitter_misc":{"Prezzo":"","Disponibilit\u00e0":"In stock"},"schema":{"@context":"https:\/\/schema.org","@graph":[{"@type":"WebPage","@id":"https:\/\/www.sudarredi.com\/sezione\/prodotto\/friggitrice-profi-line-digitale-con-rubinetti-di-scarico-2-x-8-l\/","url":"https:\/\/www.sudarredi.com\/sezione\/prodotto\/friggitrice-profi-line-digitale-con-rubinetti-di-scarico-2-x-8-l\/","name":"Friggitrice Profi Line digitale con rubinetti di scarico - 2 x 8 l - Arredi per la scuola","isPartOf":{"@id":"https:\/\/www.sudarredi.com\/sezione\/#website"},"primaryImageOfPage":{"@id":"https:\/\/www.sudarredi.com\/sezione\/prodotto\/friggitrice-profi-line-digitale-con-rubinetti-di-scarico-2-x-8-l\/#primaryimage"},"image":{"@id":"https:\/\/www.sudarredi.com\/sezione\/prodotto\/friggitrice-profi-line-digitale-con-rubinetti-di-scarico-2-x-8-l\/#primaryimage"},"thumbnailUrl":"https:\/\/www.sudarredi.com\/sezione\/wp-content\/uploads\/2024\/10\/207376_2021.jpg","datePublished":"2024-10-25T08:00:45+00:00","dateModified":"2024-10-25T08:00:49+00:00","breadcrumb":{"@id":"https:\/\/www.sudarredi.com\/sezione\/prodotto\/friggitrice-profi-line-digitale-con-rubinetti-di-scarico-2-x-8-l\/#breadcrumb"},"inLanguage":"it-IT","potentialAction":[{"@type":"ReadAction","target":["https:\/\/www.sudarredi.com\/sezione\/prodotto\/friggitrice-profi-line-digitale-con-rubinetti-di-scarico-2-x-8-l\/"]}]},{"@type":"ImageObject","inLanguage":"it-IT","@id":"https:\/\/www.sudarredi.com\/sezione\/prodotto\/friggitrice-profi-line-digitale-con-rubinetti-di-scarico-2-x-8-l\/#primaryimage","url":"https:\/\/www.sudarredi.com\/sezione\/wp-content\/uploads\/2024\/10\/207376_2021.jpg","contentUrl":"https:\/\/www.sudarredi.com\/sezione\/wp-content\/uploads\/2024\/10\/207376_2021.jpg","width":1000,"height":677},{"@type":"BreadcrumbList","@id":"https:\/\/www.sudarredi.com\/sezione\/prodotto\/friggitrice-profi-line-digitale-con-rubinetti-di-scarico-2-x-8-l\/#breadcrumb","itemListElement":[{"@type":"ListItem","position":1,"name":"Home","item":"https:\/\/www.sudarredi.com\/sezione\/"},{"@type":"ListItem","position":2,"name":"Shop","item":"https:\/\/www.sudarredi.com\/sezione\/shop\/"},{"@type":"ListItem","position":3,"name":"Friggitrice Profi Line digitale con rubinetti di scarico &#8211; 2 x 8 l"}]},{"@type":"WebSite","@id":"https:\/\/www.sudarredi.com\/sezione\/#website","url":"https:\/\/www.sudarredi.com\/sezione\/","name":"Sudarredi s.r.l","description":"Arredo scuola","publisher":{"@id":"https:\/\/www.sudarredi.com\/sezione\/#organization"},"alternateName":"Sud arredi","potentialAction":[{"@type":"SearchAction","target":{"@type":"EntryPoint","urlTemplate":"https:\/\/www.sudarredi.com\/sezione\/?s={search_term_string}"},"query-input":{"@type":"PropertyValueSpecification","valueRequired":true,"valueName":"search_term_string"}}],"inLanguage":"it-IT"},{"@type":["Organization","Place"],"@id":"https:\/\/www.sudarredi.com\/sezione\/#organization","name":"Sudarredi s.r.l","alternateName":"Sud arredi","url":"https:\/\/www.sudarredi.com\/sezione\/","logo":{"@id":"https:\/\/www.sudarredi.com\/sezione\/prodotto\/friggitrice-profi-line-digitale-con-rubinetti-di-scarico-2-x-8-l\/#local-main-organization-logo"},"image":{"@id":"https:\/\/www.sudarredi.com\/sezione\/prodotto\/friggitrice-profi-line-digitale-con-rubinetti-di-scarico-2-x-8-l\/#local-main-organization-logo"},"description":"La missione di Sudarredi Arredo Scuola \u00e8 quella di fornire soluzioni innovative, funzionali ed esteticamente gradevoli per l\u2019arredamento scolastico, contribuendo a creare ambienti di apprendimento che stimolino la creativit\u00e0, il benessere e la produttivit\u00e0 degli studenti e degli insegnanti. L'azienda \u00e8 impegnata a garantire la qualit\u00e0, la sicurezza e la sostenibilit\u00e0 dei suoi prodotti, rispondendo alle esigenze di scuole, istituti di formazione e enti pubblici in modo efficiente ed eco-sostenibile.","legalName":"Sudarredi s.r.l","numberOfEmployees":{"@type":"QuantitativeValue","minValue":"11","maxValue":"50"},"publishingPrinciples":"https:\/\/www.sudarredi.com\/sezione\/principi-editoriali-di-sudarredi-arredo-scuola\/","actionableFeedbackPolicy":"https:\/\/www.sudarredi.com\/sezione\/politica-di-feedback-attuabile\/","correctionsPolicy":"https:\/\/www.sudarredi.com\/sezione\/politica-sulle-correzioni\/","ethicsPolicy":"https:\/\/www.sudarredi.com\/sezione\/obiettivi-della-politica-sulletica\/","diversityPolicy":"https:\/\/www.sudarredi.com\/sezione\/obiettivi-della-politica-per-la-diversita\/","diversityStaffingReport":"https:\/\/www.sudarredi.com\/sezione\/rapporto-sulla-diversita-del-personale\/","telephone":[],"openingHoursSpecification":[{"@type":"OpeningHoursSpecification","dayOfWeek":["Monday","Tuesday","Wednesday","Thursday","Friday","Saturday","Sunday"],"opens":"09:00","closes":"17:00"}]},{"@type":"ImageObject","inLanguage":"it-IT","@id":"https:\/\/www.sudarredi.com\/sezione\/prodotto\/friggitrice-profi-line-digitale-con-rubinetti-di-scarico-2-x-8-l\/#local-main-organization-logo","url":"https:\/\/www.sudarredi.com\/sezione\/wp-content\/uploads\/2025\/08\/cropped-app128x128.png","contentUrl":"https:\/\/www.sudarredi.com\/sezione\/wp-content\/uploads\/2025\/08\/cropped-app128x128.png","width":512,"height":512,"caption":"Sudarredi s.r.l"}]},"product_price_currency":"EUR","og_availability":"instock","product_availability":"instock","product_retailer_item_id":"71850efb2eb8","product_condition":"new"},"_links":{"self":[{"href":"https:\/\/www.sudarredi.com\/sezione\/wp-json\/wp\/v2\/product\/48399","targetHints":{"allow":["GET"]}}],"collection":[{"href":"https:\/\/www.sudarredi.com\/sezione\/wp-json\/wp\/v2\/product"}],"about":[{"href":"https:\/\/www.sudarredi.com\/sezione\/wp-json\/wp\/v2\/types\/product"}],"replies":[{"embeddable":true,"href":"https:\/\/www.sudarredi.com\/sezione\/wp-json\/wp\/v2\/comments?post=48399"}],"version-history":[{"count":1,"href":"https:\/\/www.sudarredi.com\/sezione\/wp-json\/wp\/v2\/product\/48399\/revisions"}],"predecessor-version":[{"id":48400,"href":"https:\/\/www.sudarredi.com\/sezione\/wp-json\/wp\/v2\/product\/48399\/revisions\/48400"}],"wp:featuredmedia":[{"embeddable":true,"href":"https:\/\/www.sudarredi.com\/sezione\/wp-json\/wp\/v2\/media\/48401"}],"wp:attachment":[{"href":"https:\/\/www.sudarredi.com\/sezione\/wp-json\/wp\/v2\/media?parent=48399"}],"wp:term":[{"taxonomy":"product_brand","embeddable":true,"href":"https:\/\/www.sudarredi.com\/sezione\/wp-json\/wp\/v2\/product_brand?post=48399"},{"taxonomy":"product_cat","embeddable":true,"href":"https:\/\/www.sudarredi.com\/sezione\/wp-json\/wp\/v2\/product_cat?post=48399"},{"taxonomy":"product_tag","embeddable":true,"href":"https:\/\/www.sudarredi.com\/sezione\/wp-json\/wp\/v2\/product_tag?post=48399"}],"curies":[{"name":"wp","href":"https:\/\/api.w.org\/{rel}","templated":true}]}}