{"id":44939,"date":"2024-10-25T07:27:41","date_gmt":"2024-10-25T07:27:41","guid":{"rendered":"https:\/\/musing-poincare.5-9-123-216.plesk.page\/prodotto\/combustibile-per-scaldavivande-3\/"},"modified":"2024-10-25T07:27:41","modified_gmt":"2024-10-25T07:27:41","slug":"combustibile-per-scaldavivande-3","status":"publish","type":"product","link":"https:\/\/www.sudarredi.com\/sezione\/prodotto\/combustibile-per-scaldavivande-3\/","title":{"rendered":"Combustibile per Scaldavivande"},"content":{"rendered":"<p>Il carburante per piatti Chafing \u00e8 realizzato con alcol di etanolo naturale, miscelato con acqua e un agente addensante per renderlo un solido o un gel.<br \/>\nIl carburante per chafing dish HENDI \u00e8 speficatamente prodotto talmente amaro che \u00e8 impossibile deglutire.<br \/>\nPer riscaldare in modo sicuro ed efficiente gli chafing dish, consigliamo di posizionare la lattina di carburante per chafing dish nei portacarburanti indicati.<br \/>\nLa capacit\u00e0 di riscaldamento \u00e8 uguale in tutto l&#8217;intervallo mentre la velocit\u00e0 di riscaldamento dipende dalle dimensioni della fiamma, determinata dalla distanza con cui il coperchio del supporto del carburante per chafing dish viene mantenuto aperto.<br \/>\nIl carburante per chafing dish HENDI brucia senza fuliggine ed e\u00b4 inodore.<br \/>\nLe cartucce e le lattine di carburante per chafing dish diventano molto calde durante l\u2019uso, creando un rischio significativo di ustioni se non vengono collocati all\u2019interno del contenitore del carburante per chafing dish. Pericolo di ustioni!<br \/>\nQuesti supporti per lattine di carburante per chafing dish sono inclusi negli chafing dish HENDI e sono disponibili separatamente.<br \/>\nLeggere sempre le istruzioni del prodotto prima dell\u2019uso.<br \/>\nAssicurarsi che non vi siano fiamme libere o oggetti caldi nelle vicinanze quando si lavora con carburante chafing dish.<br \/>\nIl vapore infiammabile fuoriesce facilmente dal contenitore.<br \/>\nAssicurarsi che non goccioli acqua (condensa) nel carburante in combustione. Pu\u00f2 causare spruzzi pericolosi e spruzzi di carburante.<br \/>\nAccendere il carburante solo dopo aver posizionato il contenitore di carburante per chafing dish nella posizione finale.<br \/>\nLe fiamme sono quasi interamente blu, rendendole molto difficili da vedere alla luce. Si consiglia cautela.<br \/>\nSpegnere il carburante solo chiudendo il coperchio del contenitore del carburante per chafing dish.<br \/>\nRicarica: Assicurarsi sempre che la lattina e il suo supporto si siano completamente raffreddati.<br \/>\nRimuovere la lattina dal supporto per lattina carburante per chafing dish per riempire la lattina.<br \/>\nConservazione: Conservare sempre in contenitori chiusi in un luogo buio e ben ventilato, a una temperatura inferiore a 20 \u00b0C.<br \/>\nPer conservare quantit\u00e0 maggiori di carburante, consultare le normative locali.<br \/>\nSe vengono seguite le istruzioni di cui sopra, il rischio di incidenti sar\u00e0 minimo.<br \/>\nIn caso di incendio iniziale\/piccolo: utilizzare una coperta antincendio (o una coperta grande e bagnata) per coprire l&#8217;incendio e privarlo di ossigeno.<br \/>\nIn caso di incendio su indumenti\/corpo: utilizzare una coperta antincendio o un estintore a polvere\/CO2.<br \/>\nNon cercare mai di spegnere il fuoco con un piccolo asciugamano, in quanto questo diffonderebbe solo il carburante e le fiamme! Dopo aver spento l\u2019incendio, mantenere il corpo fresco per 15 minuti o fino all\u2019arrivo dell\u2019assistenza medica.<br \/>\nNon rimuovere eventuali indumenti bruciati.<br \/>\nRichiedere sempre assistenza medica immediatamente.<\/p>\n","protected":false},"excerpt":{"rendered":"<p>Combustibile per Scaldavivande, HENDI<\/p>\n","protected":false},"featured_media":44941,"comment_status":"closed","ping_status":"closed","template":"","meta":[],"product_brand":[],"product_cat":[3939,3958,4083],"product_tag":[4807],"class_list":{"0":"post-44939","1":"product","2":"type-product","3":"status-publish","4":"has-post-thumbnail","6":"product_cat-attrezzature","7":"product_cat-presentazione","8":"product_cat-presentazione-buffet","9":"product_tag-combustibile-per-scaldavivande","11":"first","12":"instock","13":"product-type-simple"},"yoast_head":"<!-- This site is optimized with the Yoast SEO Premium plugin v24.6 (Yoast SEO v25.3.1) - https:\/\/yoast.com\/wordpress\/plugins\/seo\/ -->\n<title>Combustibile per Scaldavivande - Arredi per la scuola<\/title>\n<meta name=\"robots\" content=\"index, follow, max-snippet:-1, max-image-preview:large, max-video-preview:-1\" \/>\n<link rel=\"canonical\" href=\"https:\/\/www.sudarredi.com\/sezione\/prodotto\/combustibile-per-scaldavivande-3\/\" \/>\n<meta property=\"og:locale\" content=\"it_IT\" \/>\n<meta property=\"og:type\" content=\"article\" \/>\n<meta property=\"og:title\" content=\"Combustibile per Scaldavivande\" \/>\n<meta property=\"og:description\" content=\"Combustibile per Scaldavivande, HENDI\" \/>\n<meta property=\"og:url\" content=\"https:\/\/www.sudarredi.com\/sezione\/prodotto\/combustibile-per-scaldavivande-3\/\" \/>\n<meta property=\"og:site_name\" content=\"Arredi per la scuola\" \/>\n<meta property=\"og:image\" content=\"https:\/\/www.sudarredi.com\/sezione\/wp-content\/uploads\/2024\/10\/195505_OBW_2022_01.jpg\" \/>\n\t<meta property=\"og:image:width\" content=\"860\" \/>\n\t<meta property=\"og:image:height\" content=\"1000\" \/>\n\t<meta property=\"og:image:type\" content=\"image\/jpeg\" \/>\n<meta name=\"twitter:card\" content=\"summary_large_image\" \/>\n<meta name=\"twitter:label1\" content=\"Prezzo\" \/>\n\t<meta name=\"twitter:data1\" content=\"\" \/>\n\t<meta name=\"twitter:label2\" content=\"Disponibilit\u00e0\" \/>\n\t<meta name=\"twitter:data2\" content=\"In stock\" \/>\n<meta property=\"product:price:currency\" content=\"EUR\" \/>\n<meta property=\"og:availability\" content=\"instock\" \/>\n<meta property=\"product:availability\" content=\"instock\" \/>\n<meta property=\"product:retailer_item_id\" content=\"829f554dbb61\" \/>\n<meta property=\"product:condition\" content=\"new\" \/>\n<!-- \/ Yoast SEO Premium plugin. -->","yoast_head_json":{"title":"Combustibile per Scaldavivande - Arredi per la scuola","robots":{"index":"index","follow":"follow","max-snippet":"max-snippet:-1","max-image-preview":"max-image-preview:large","max-video-preview":"max-video-preview:-1"},"canonical":"https:\/\/www.sudarredi.com\/sezione\/prodotto\/combustibile-per-scaldavivande-3\/","og_locale":"it_IT","og_type":"article","og_title":"Combustibile per Scaldavivande","og_description":"Combustibile per Scaldavivande, HENDI","og_url":"https:\/\/www.sudarredi.com\/sezione\/prodotto\/combustibile-per-scaldavivande-3\/","og_site_name":"Arredi per la scuola","og_image":[{"width":860,"height":1000,"url":"https:\/\/www.sudarredi.com\/sezione\/wp-content\/uploads\/2024\/10\/195505_OBW_2022_01.jpg","type":"image\/jpeg"}],"twitter_card":"summary_large_image","twitter_misc":{"Prezzo":"","Disponibilit\u00e0":"In stock"},"schema":{"@context":"https:\/\/schema.org","@graph":[{"@type":"WebPage","@id":"https:\/\/www.sudarredi.com\/sezione\/prodotto\/combustibile-per-scaldavivande-3\/","url":"https:\/\/www.sudarredi.com\/sezione\/prodotto\/combustibile-per-scaldavivande-3\/","name":"Combustibile per Scaldavivande - Arredi per la scuola","isPartOf":{"@id":"https:\/\/www.sudarredi.com\/sezione\/#website"},"primaryImageOfPage":{"@id":"https:\/\/www.sudarredi.com\/sezione\/prodotto\/combustibile-per-scaldavivande-3\/#primaryimage"},"image":{"@id":"https:\/\/www.sudarredi.com\/sezione\/prodotto\/combustibile-per-scaldavivande-3\/#primaryimage"},"thumbnailUrl":"https:\/\/www.sudarredi.com\/sezione\/wp-content\/uploads\/2024\/10\/195505_OBW_2022_01.jpg","datePublished":"2024-10-25T07:27:41+00:00","breadcrumb":{"@id":"https:\/\/www.sudarredi.com\/sezione\/prodotto\/combustibile-per-scaldavivande-3\/#breadcrumb"},"inLanguage":"it-IT","potentialAction":[{"@type":"ReadAction","target":["https:\/\/www.sudarredi.com\/sezione\/prodotto\/combustibile-per-scaldavivande-3\/"]}]},{"@type":"ImageObject","inLanguage":"it-IT","@id":"https:\/\/www.sudarredi.com\/sezione\/prodotto\/combustibile-per-scaldavivande-3\/#primaryimage","url":"https:\/\/www.sudarredi.com\/sezione\/wp-content\/uploads\/2024\/10\/195505_OBW_2022_01.jpg","contentUrl":"https:\/\/www.sudarredi.com\/sezione\/wp-content\/uploads\/2024\/10\/195505_OBW_2022_01.jpg","width":860,"height":1000},{"@type":"BreadcrumbList","@id":"https:\/\/www.sudarredi.com\/sezione\/prodotto\/combustibile-per-scaldavivande-3\/#breadcrumb","itemListElement":[{"@type":"ListItem","position":1,"name":"Home","item":"https:\/\/www.sudarredi.com\/sezione\/"},{"@type":"ListItem","position":2,"name":"Shop","item":"https:\/\/www.sudarredi.com\/sezione\/shop\/"},{"@type":"ListItem","position":3,"name":"Combustibile per Scaldavivande"}]},{"@type":"WebSite","@id":"https:\/\/www.sudarredi.com\/sezione\/#website","url":"https:\/\/www.sudarredi.com\/sezione\/","name":"Sudarredi s.r.l","description":"Arredo scuola","publisher":{"@id":"https:\/\/www.sudarredi.com\/sezione\/#organization"},"alternateName":"Sud arredi","potentialAction":[{"@type":"SearchAction","target":{"@type":"EntryPoint","urlTemplate":"https:\/\/www.sudarredi.com\/sezione\/?s={search_term_string}"},"query-input":{"@type":"PropertyValueSpecification","valueRequired":true,"valueName":"search_term_string"}}],"inLanguage":"it-IT"},{"@type":["Organization","Place"],"@id":"https:\/\/www.sudarredi.com\/sezione\/#organization","name":"Sudarredi s.r.l","alternateName":"Sud arredi","url":"https:\/\/www.sudarredi.com\/sezione\/","logo":{"@id":"https:\/\/www.sudarredi.com\/sezione\/prodotto\/combustibile-per-scaldavivande-3\/#local-main-organization-logo"},"image":{"@id":"https:\/\/www.sudarredi.com\/sezione\/prodotto\/combustibile-per-scaldavivande-3\/#local-main-organization-logo"},"description":"La missione di Sudarredi Arredo Scuola \u00e8 quella di fornire soluzioni innovative, funzionali ed esteticamente gradevoli per l\u2019arredamento scolastico, contribuendo a creare ambienti di apprendimento che stimolino la creativit\u00e0, il benessere e la produttivit\u00e0 degli studenti e degli insegnanti. L'azienda \u00e8 impegnata a garantire la qualit\u00e0, la sicurezza e la sostenibilit\u00e0 dei suoi prodotti, rispondendo alle esigenze di scuole, istituti di formazione e enti pubblici in modo efficiente ed eco-sostenibile.","legalName":"Sudarredi s.r.l","numberOfEmployees":{"@type":"QuantitativeValue","minValue":"11","maxValue":"50"},"publishingPrinciples":"https:\/\/www.sudarredi.com\/sezione\/principi-editoriali-di-sudarredi-arredo-scuola\/","actionableFeedbackPolicy":"https:\/\/www.sudarredi.com\/sezione\/politica-di-feedback-attuabile\/","correctionsPolicy":"https:\/\/www.sudarredi.com\/sezione\/politica-sulle-correzioni\/","ethicsPolicy":"https:\/\/www.sudarredi.com\/sezione\/obiettivi-della-politica-sulletica\/","diversityPolicy":"https:\/\/www.sudarredi.com\/sezione\/obiettivi-della-politica-per-la-diversita\/","diversityStaffingReport":"https:\/\/www.sudarredi.com\/sezione\/rapporto-sulla-diversita-del-personale\/","telephone":[],"openingHoursSpecification":[{"@type":"OpeningHoursSpecification","dayOfWeek":["Monday","Tuesday","Wednesday","Thursday","Friday","Saturday","Sunday"],"opens":"09:00","closes":"17:00"}]},{"@type":"ImageObject","inLanguage":"it-IT","@id":"https:\/\/www.sudarredi.com\/sezione\/prodotto\/combustibile-per-scaldavivande-3\/#local-main-organization-logo","url":"https:\/\/www.sudarredi.com\/sezione\/wp-content\/uploads\/2025\/08\/cropped-app128x128.png","contentUrl":"https:\/\/www.sudarredi.com\/sezione\/wp-content\/uploads\/2025\/08\/cropped-app128x128.png","width":512,"height":512,"caption":"Sudarredi s.r.l"}]},"product_price_currency":"EUR","og_availability":"instock","product_availability":"instock","product_retailer_item_id":"829f554dbb61","product_condition":"new"},"_links":{"self":[{"href":"https:\/\/www.sudarredi.com\/sezione\/wp-json\/wp\/v2\/product\/44939","targetHints":{"allow":["GET"]}}],"collection":[{"href":"https:\/\/www.sudarredi.com\/sezione\/wp-json\/wp\/v2\/product"}],"about":[{"href":"https:\/\/www.sudarredi.com\/sezione\/wp-json\/wp\/v2\/types\/product"}],"replies":[{"embeddable":true,"href":"https:\/\/www.sudarredi.com\/sezione\/wp-json\/wp\/v2\/comments?post=44939"}],"version-history":[{"count":1,"href":"https:\/\/www.sudarredi.com\/sezione\/wp-json\/wp\/v2\/product\/44939\/revisions"}],"predecessor-version":[{"id":44940,"href":"https:\/\/www.sudarredi.com\/sezione\/wp-json\/wp\/v2\/product\/44939\/revisions\/44940"}],"wp:featuredmedia":[{"embeddable":true,"href":"https:\/\/www.sudarredi.com\/sezione\/wp-json\/wp\/v2\/media\/44941"}],"wp:attachment":[{"href":"https:\/\/www.sudarredi.com\/sezione\/wp-json\/wp\/v2\/media?parent=44939"}],"wp:term":[{"taxonomy":"product_brand","embeddable":true,"href":"https:\/\/www.sudarredi.com\/sezione\/wp-json\/wp\/v2\/product_brand?post=44939"},{"taxonomy":"product_cat","embeddable":true,"href":"https:\/\/www.sudarredi.com\/sezione\/wp-json\/wp\/v2\/product_cat?post=44939"},{"taxonomy":"product_tag","embeddable":true,"href":"https:\/\/www.sudarredi.com\/sezione\/wp-json\/wp\/v2\/product_tag?post=44939"}],"curies":[{"name":"wp","href":"https:\/\/api.w.org\/{rel}","templated":true}]}}